{"id":49,"date":"2020-03-12T16:19:04","date_gmt":"2020-03-12T15:19:04","guid":{"rendered":"https:\/\/lutek.eu\/home\/?page_id=49"},"modified":"2024-04-16T18:53:28","modified_gmt":"2024-04-16T16:53:28","slug":"gulag-wspomnienie","status":"publish","type":"page","link":"https:\/\/lutek.eu\/home\/gulag-erinnerungen\/gulag-wspomnienie\/","title":{"rendered":"Gu\u0142ag \u2013 Wspomnienie"},"content":{"rendered":"<p>Lida we wschodniej Polsce, obecnie Bia\u0142oru\u015b, we wrze\u015bniu 1939 r. Armia radziecka wkracza do Polski. Tu zaczynaj si zapisy Lucjana Batorowicza, dyrektora urz\u0119du pocztowego i telegraficznego miasta. Opisuje aresztowanie i zatrzymanie z pr\u00f3b\u0105 ucieczki, przekonanie o pracy przymusowej i swoje do\u015bwiadczenia w obozie jenieckim w rosyjskiej Republice Komi do amnestii dla polskich wi\u0119\u017cni\u00f3w politycznych, kt\u00f3rzy staj\u0105 si\u0119 cz\u0119\u015bci\u0105 polskiej armii pod dow\u00f3dztwem genera\u0142a Andersa i walcz\u0105 z aliantami przeciwko nazistowskim Niemcom.<\/p>\n<p>Trzymaj\u0105ca w napi\u0119ciu relacja naocznego \u015bwiadka z czas\u00f3w II wojny \u015bwiatowej z wi\u0119zie\u0144 w okupowanej przez Sowiet\u00f3w wschodniej Polsce (obecnie Bia\u0142oru\u015b) i sowieckiego GU\u0141agu w rosyjskiej Republice Komi w obozie wi\u0119ziennym Krutaja na p\u00f3\u0142noc od Uchty.<\/p>\n<p style=\"text-align: center; margin-top: 10px;\"><a href=\"https:\/\/lutek.eu\/home\/wp-content\/uploads\/978-3-9821795-1-3_600-auss.png\"><img loading=\"lazy\" decoding=\"async\" class=\"aligncenter size-full wp-image-288\" src=\"https:\/\/lutek.eu\/home\/wp-content\/uploads\/978-3-9821795-0-6_600-auss.png\" alt=\"Wspomnienia o gu\u0142agu\" width=\"600\" height=\"382\" srcset=\"https:\/\/lutek.eu\/home\/wp-content\/uploads\/978-3-9821795-0-6_600-auss.png 600w, https:\/\/lutek.eu\/home\/wp-content\/uploads\/978-3-9821795-0-6_600-auss-300x191.png 300w, https:\/\/lutek.eu\/home\/wp-content\/uploads\/978-3-9821795-0-6_600-auss-200x127.png 200w\" sizes=\"auto, (max-width: 600px) 100vw, 600px\" \/><\/a><\/p>\n<p><a href=\"https:\/\/lutek.eu\/home\/gulag-erinnerungen\/gulag-wspomnienie\/wspomnienie\/#main\" rel=\"attachment wp-att-191\"><img loading=\"lazy\" decoding=\"async\" width=\"567\" height=\"850\" class=\"aligncenter wp-image-191\" src=\"https:\/\/lutek.eu\/home\/wp-content\/uploads\/wspomnienie.png\" alt=\"Ksi\u0105\u017cka Lida - Ukhta \/ 1939-1941 Wspomnienia o gu\u0142agu\" srcset=\"https:\/\/lutek.eu\/home\/wp-content\/uploads\/wspomnienie.png 567w, https:\/\/lutek.eu\/home\/wp-content\/uploads\/wspomnienie-200x300.png 200w, https:\/\/lutek.eu\/home\/wp-content\/uploads\/wspomnienie-400x600.png 400w, https:\/\/lutek.eu\/home\/wp-content\/uploads\/wspomnienie-133x200.png 133w\" sizes=\"auto, (max-width: 567px) 100vw, 567px\" \/><\/a><\/p>\n<p>Gu\u0142ag Wspomnienie &#8211; Polska Wersja<br \/>\nISBN 978-3-9821795-0-6<br \/>\n2. edycja 2020<br \/>\nTwarda ok\u0142adka, DIN A5, 454 strony<br \/>\nCena: 26,20 EURO w tym koszty wysy\u0142ki<\/p>\n<p><a href=\"https:\/\/lutek.eu\/home\/kontakt\/\"><b>Aby zakupi\u0107 ksi\u0105\u017ck\u0119, wystarczy skontaktowa\u0107 si\u0119 z nami za pomoc\u0105 formularza kontaktowego.<\/b><\/a><\/p>\n","protected":false},"excerpt":{"rendered":"<p>Lida we wschodniej Polsce, obecnie Bia\u0142oru\u015b, we wrze\u015bniu 1939 r. Armia radziecka wkracza do Polski. Tu zaczynaj si zapisy Lucjana Batorowicza, dyrektora urz\u0119du pocztowego i telegraficznego miasta. Opisuje aresztowanie i zatrzymanie z pr\u00f3b\u0105 ucieczki, przekonanie <a class=\"more-link\" href=\"https:\/\/lutek.eu\/home\/gulag-erinnerungen\/gulag-wspomnienie\/\">mehr &#8230;<\/a><\/p>\n","protected":false},"author":1,"featured_media":0,"parent":2,"menu_order":0,"comment_status":"closed","ping_status":"closed","template":"","meta":{"footnotes":""},"class_list":["post-49","page","type-page","status-publish","hentry"],"yoast_head":"<!-- This site is optimized with the Yoast SEO plugin v27.4 - https:\/\/yoast.com\/product\/yoast-seo-wordpress\/ -->\n<title>Gu\u0142ag \u2013 Wspomnienie<\/title>\n<meta name=\"description\" content=\"GULag-Erinnerungen - Lida \/ Uchta Gu\u0142ag \u2013 Wspomnienie\" \/>\n<meta name=\"robots\" content=\"index, follow, max-snippet:-1, max-image-preview:large, max-video-preview:-1\" \/>\n<link rel=\"canonical\" href=\"https:\/\/lutek.eu\/home\/gulag-erinnerungen\/gulag-wspomnienie\/\" \/>\n<meta name=\"twitter:label1\" content=\"Gesch\u00e4tzte Lesezeit\" \/>\n\t<meta name=\"twitter:data1\" content=\"2\u00a0Minuten\" \/>\n<script type=\"application\/ld+json\" class=\"yoast-schema-graph\">{\"@context\":\"https:\\\/\\\/schema.org\",\"@graph\":[{\"@type\":\"WebPage\",\"@id\":\"https:\\\/\\\/lutek.eu\\\/home\\\/gulag-erinnerungen\\\/gulag-wspomnienie\\\/\",\"url\":\"https:\\\/\\\/lutek.eu\\\/home\\\/gulag-erinnerungen\\\/gulag-wspomnienie\\\/\",\"name\":\"Gu\u0142ag \u2013 Wspomnienie\",\"isPartOf\":{\"@id\":\"https:\\\/\\\/lutek.eu\\\/home\\\/#website\"},\"primaryImageOfPage\":{\"@id\":\"https:\\\/\\\/lutek.eu\\\/home\\\/gulag-erinnerungen\\\/gulag-wspomnienie\\\/#primaryimage\"},\"image\":{\"@id\":\"https:\\\/\\\/lutek.eu\\\/home\\\/gulag-erinnerungen\\\/gulag-wspomnienie\\\/#primaryimage\"},\"thumbnailUrl\":\"https:\\\/\\\/lutek.eu\\\/home\\\/wp-content\\\/uploads\\\/978-3-9821795-0-6_600-auss.png\",\"datePublished\":\"2020-03-12T15:19:04+00:00\",\"dateModified\":\"2024-04-16T16:53:28+00:00\",\"description\":\"GULag-Erinnerungen - Lida \\\/ Uchta Gu\u0142ag \u2013 Wspomnienie\",\"breadcrumb\":{\"@id\":\"https:\\\/\\\/lutek.eu\\\/home\\\/gulag-erinnerungen\\\/gulag-wspomnienie\\\/#breadcrumb\"},\"inLanguage\":\"de\",\"potentialAction\":[{\"@type\":\"ReadAction\",\"target\":[\"https:\\\/\\\/lutek.eu\\\/home\\\/gulag-erinnerungen\\\/gulag-wspomnienie\\\/\"]}]},{\"@type\":\"ImageObject\",\"inLanguage\":\"de\",\"@id\":\"https:\\\/\\\/lutek.eu\\\/home\\\/gulag-erinnerungen\\\/gulag-wspomnienie\\\/#primaryimage\",\"url\":\"https:\\\/\\\/lutek.eu\\\/home\\\/wp-content\\\/uploads\\\/978-3-9821795-0-6_600-auss.png\",\"contentUrl\":\"https:\\\/\\\/lutek.eu\\\/home\\\/wp-content\\\/uploads\\\/978-3-9821795-0-6_600-auss.png\",\"width\":600,\"height\":382,\"caption\":\"Wspomnienia o gu\u0142agu\"},{\"@type\":\"BreadcrumbList\",\"@id\":\"https:\\\/\\\/lutek.eu\\\/home\\\/gulag-erinnerungen\\\/gulag-wspomnienie\\\/#breadcrumb\",\"itemListElement\":[{\"@type\":\"ListItem\",\"position\":1,\"name\":\"Startseite\",\"item\":\"https:\\\/\\\/lutek.eu\\\/home\\\/\"},{\"@type\":\"ListItem\",\"position\":2,\"name\":\"GULag-Erinnerungen\",\"item\":\"https:\\\/\\\/lutek.eu\\\/home\\\/\"},{\"@type\":\"ListItem\",\"position\":3,\"name\":\"Gu\u0142ag \u2013 Wspomnienie\"}]},{\"@type\":\"WebSite\",\"@id\":\"https:\\\/\\\/lutek.eu\\\/home\\\/#website\",\"url\":\"https:\\\/\\\/lutek.eu\\\/home\\\/\",\"name\":\"GULag-Erinnerungen - Lida \\\/ Uchta\",\"description\":\"\",\"publisher\":{\"@id\":\"https:\\\/\\\/lutek.eu\\\/home\\\/#\\\/schema\\\/person\\\/470f45bb8b40dac6acd66606907ab7e7\"},\"potentialAction\":[{\"@type\":\"SearchAction\",\"target\":{\"@type\":\"EntryPoint\",\"urlTemplate\":\"https:\\\/\\\/lutek.eu\\\/home\\\/?s={search_term_string}\"},\"query-input\":{\"@type\":\"PropertyValueSpecification\",\"valueRequired\":true,\"valueName\":\"search_term_string\"}}],\"inLanguage\":\"de\"},{\"@type\":[\"Person\",\"Organization\"],\"@id\":\"https:\\\/\\\/lutek.eu\\\/home\\\/#\\\/schema\\\/person\\\/470f45bb8b40dac6acd66606907ab7e7\",\"name\":\"nb\",\"logo\":{\"@id\":\"https:\\\/\\\/lutek.eu\\\/home\\\/#\\\/schema\\\/person\\\/image\\\/\"}}]}<\/script>\n<!-- \/ Yoast SEO plugin. -->","yoast_head_json":{"title":"Gu\u0142ag \u2013 Wspomnienie","description":"GULag-Erinnerungen - Lida \/ Uchta Gu\u0142ag \u2013 Wspomnienie","robots":{"index":"index","follow":"follow","max-snippet":"max-snippet:-1","max-image-preview":"max-image-preview:large","max-video-preview":"max-video-preview:-1"},"canonical":"https:\/\/lutek.eu\/home\/gulag-erinnerungen\/gulag-wspomnienie\/","twitter_misc":{"Gesch\u00e4tzte Lesezeit":"2\u00a0Minuten"},"schema":{"@context":"https:\/\/schema.org","@graph":[{"@type":"WebPage","@id":"https:\/\/lutek.eu\/home\/gulag-erinnerungen\/gulag-wspomnienie\/","url":"https:\/\/lutek.eu\/home\/gulag-erinnerungen\/gulag-wspomnienie\/","name":"Gu\u0142ag \u2013 Wspomnienie","isPartOf":{"@id":"https:\/\/lutek.eu\/home\/#website"},"primaryImageOfPage":{"@id":"https:\/\/lutek.eu\/home\/gulag-erinnerungen\/gulag-wspomnienie\/#primaryimage"},"image":{"@id":"https:\/\/lutek.eu\/home\/gulag-erinnerungen\/gulag-wspomnienie\/#primaryimage"},"thumbnailUrl":"https:\/\/lutek.eu\/home\/wp-content\/uploads\/978-3-9821795-0-6_600-auss.png","datePublished":"2020-03-12T15:19:04+00:00","dateModified":"2024-04-16T16:53:28+00:00","description":"GULag-Erinnerungen - Lida \/ Uchta Gu\u0142ag \u2013 Wspomnienie","breadcrumb":{"@id":"https:\/\/lutek.eu\/home\/gulag-erinnerungen\/gulag-wspomnienie\/#breadcrumb"},"inLanguage":"de","potentialAction":[{"@type":"ReadAction","target":["https:\/\/lutek.eu\/home\/gulag-erinnerungen\/gulag-wspomnienie\/"]}]},{"@type":"ImageObject","inLanguage":"de","@id":"https:\/\/lutek.eu\/home\/gulag-erinnerungen\/gulag-wspomnienie\/#primaryimage","url":"https:\/\/lutek.eu\/home\/wp-content\/uploads\/978-3-9821795-0-6_600-auss.png","contentUrl":"https:\/\/lutek.eu\/home\/wp-content\/uploads\/978-3-9821795-0-6_600-auss.png","width":600,"height":382,"caption":"Wspomnienia o gu\u0142agu"},{"@type":"BreadcrumbList","@id":"https:\/\/lutek.eu\/home\/gulag-erinnerungen\/gulag-wspomnienie\/#breadcrumb","itemListElement":[{"@type":"ListItem","position":1,"name":"Startseite","item":"https:\/\/lutek.eu\/home\/"},{"@type":"ListItem","position":2,"name":"GULag-Erinnerungen","item":"https:\/\/lutek.eu\/home\/"},{"@type":"ListItem","position":3,"name":"Gu\u0142ag \u2013 Wspomnienie"}]},{"@type":"WebSite","@id":"https:\/\/lutek.eu\/home\/#website","url":"https:\/\/lutek.eu\/home\/","name":"GULag-Erinnerungen - Lida \/ Uchta","description":"","publisher":{"@id":"https:\/\/lutek.eu\/home\/#\/schema\/person\/470f45bb8b40dac6acd66606907ab7e7"},"potentialAction":[{"@type":"SearchAction","target":{"@type":"EntryPoint","urlTemplate":"https:\/\/lutek.eu\/home\/?s={search_term_string}"},"query-input":{"@type":"PropertyValueSpecification","valueRequired":true,"valueName":"search_term_string"}}],"inLanguage":"de"},{"@type":["Person","Organization"],"@id":"https:\/\/lutek.eu\/home\/#\/schema\/person\/470f45bb8b40dac6acd66606907ab7e7","name":"nb","logo":{"@id":"https:\/\/lutek.eu\/home\/#\/schema\/person\/image\/"}}]}},"_links":{"self":[{"href":"https:\/\/lutek.eu\/home\/wp-json\/wp\/v2\/pages\/49","targetHints":{"allow":["GET"]}}],"collection":[{"href":"https:\/\/lutek.eu\/home\/wp-json\/wp\/v2\/pages"}],"about":[{"href":"https:\/\/lutek.eu\/home\/wp-json\/wp\/v2\/types\/page"}],"author":[{"embeddable":true,"href":"https:\/\/lutek.eu\/home\/wp-json\/wp\/v2\/users\/1"}],"replies":[{"embeddable":true,"href":"https:\/\/lutek.eu\/home\/wp-json\/wp\/v2\/comments?post=49"}],"version-history":[{"count":16,"href":"https:\/\/lutek.eu\/home\/wp-json\/wp\/v2\/pages\/49\/revisions"}],"predecessor-version":[{"id":506,"href":"https:\/\/lutek.eu\/home\/wp-json\/wp\/v2\/pages\/49\/revisions\/506"}],"up":[{"embeddable":true,"href":"https:\/\/lutek.eu\/home\/wp-json\/wp\/v2\/pages\/2"}],"wp:attachment":[{"href":"https:\/\/lutek.eu\/home\/wp-json\/wp\/v2\/media?parent=49"}],"curies":[{"name":"wp","href":"https:\/\/api.w.org\/{rel}","templated":true}]}}